{"id":311,"date":"2024-05-03T13:43:50","date_gmt":"2024-05-03T18:43:50","guid":{"rendered":"https:\/\/alcesuvoz.wichita.edu\/?page_id=311"},"modified":"2024-10-21T15:05:51","modified_gmt":"2024-10-21T20:05:51","slug":"news","status":"publish","type":"page","link":"https:\/\/alcesuvoz.wichita.edu\/es\/media\/news\/","title":{"rendered":"News"},"content":{"rendered":"<h2 class=\"wp-block-heading\">Una profesora de WSU defiende la legislaci\u00f3n que garantiza que los hospitales tengan int\u00e9rpretes cualificados<\/h2>\n\n\n\n<p>Cuando el hijo de Ver\u00f3nica Mireles se quejo de que ten\u00eda un fuerte dolor abdominal, ella lo llev\u00f3 a una sala de emergencias de Wichita. No se le proporcion\u00f3 int\u00e9rprete a la familia de habla hispana, y se le dijo al adolescente que podr\u00eda haber contra\u00eddo una enfermedad de transmisi\u00f3n sexual. El m\u00e9dico lo envi\u00f3 a casa.<a href=\"https:\/\/www.kmuw.org\/post\/wsu-professor-champions-legislation-ensuring-kansas-hospitals-have-qualified-interpreters\" target=\"_blank\" rel=\"noreferrer noopener\"><\/a><\/p>\n\n\n\n<div class=\"wp-block-buttons is-layout-flex wp-block-buttons-is-layout-flex\">\n<div class=\"wp-block-button read-more\"><a class=\"wp-block-button__link wp-element-button\" href=\"https:\/\/www.kmuw.org\/post\/wsu-professor-champions-legislation-ensuring-kansas-hospitals-have-qualified-interpreters\">Leer M\u00e1s<\/a><\/div>\n<\/div>\n\n\n\n<hr class=\"wp-block-separator has-alpha-channel-opacity\"\/>\n\n\n\n<h2 class=\"wp-block-heading\">Amid COVID-19, Kansas needs improved language services to support health equity<\/h2>\n\n\n\n<p>Latinos constitute almost half of the confirmed COVID-19 cases in Kansas, reflecting an existing trend of poor health outcomes for Latinos in the state.<\/p>\n\n\n\n<div class=\"wp-block-buttons is-layout-flex wp-block-buttons-is-layout-flex\">\n<div class=\"wp-block-button read-more\"><a class=\"wp-block-button__link wp-element-button\" href=\"https:\/\/www.kansas.com\/opinion\/guest-commentary\/article243264406.html\">Leer M\u00e1s<\/a><\/div>\n<\/div>\n\n\n\n<hr class=\"wp-block-separator has-alpha-channel-opacity\"\/>\n\n\n\n<h2 class=\"wp-block-heading\">Hispanos en Kansas alzan sus voces sobre la equidad en la salud<\/h2>\n\n\n\n<p>Los legisladores de Kansas que no hablan los idiomas de sus electores generalmente no escuchan lo que esos electores tienen que decir acerca de las cuestiones a nivel de ciudad, condado y estado.<\/p>\n\n\n\n<div class=\"wp-block-buttons is-layout-flex wp-block-buttons-is-layout-flex\">\n<div class=\"wp-block-button read-more\"><a class=\"wp-block-button__link wp-element-button\" href=\"https:\/\/www.planetavenus.online\/post\/hispanos-en-kansas-alzan-sus-voces-sobre-la-equidad-en-la-salud\">Leer M\u00e1s<\/a><\/div>\n<\/div>\n\n\n\n<hr class=\"wp-block-separator has-alpha-channel-opacity\"\/>\n\n\n\n<h2 class=\"wp-block-heading\">Los habitantes de Kansas que hablan espa\u00f1ol enfrentan la barrera del idioma en medio del COVID-19<\/h2>\n\n\n\n<p>Ver\u00f3nica Mireles conoce por experiencia personal los peligros que enfrentan muchos latinos de Kansas al navegar por la atenci\u00f3n m\u00e9dica en Kansas sin hablar ingl\u00e9s con fluidez.<\/p>\n\n\n\n<div class=\"wp-block-buttons is-layout-flex wp-block-buttons-is-layout-flex\">\n<div class=\"wp-block-button read-more\"><a class=\"wp-block-button__link wp-element-button\" href=\"https:\/\/kansasreflector.com\/2020\/08\/30\/spanish-speaking-kansans-face-language-barrier-amid-covid-19\/\">Leer M\u00e1s<\/a><\/div>\n<\/div>","protected":false},"excerpt":{"rendered":"<p>WSU Professor Champions Legislation Ensuring Kansas Hospitals Have Qualified Interpreters When Veronica Mireles\u2019 son complained he was in severe abdominal pain, she rushed him to &#8230; <a title=\"News\" class=\"read-more\" href=\"https:\/\/alcesuvoz.wichita.edu\/es\/media\/news\/\" aria-label=\"Leer m\u00e1s sobre News\">Read more<\/a><\/p>","protected":false},"author":6,"featured_media":0,"parent":1282,"menu_order":0,"comment_status":"closed","ping_status":"closed","template":"","meta":{"_EventAllDay":false,"_EventTimezone":"","_EventStartDate":"","_EventEndDate":"","_EventStartDateUTC":"","_EventEndDateUTC":"","_EventShowMap":false,"_EventShowMapLink":false,"_EventURL":"","_EventCost":"","_EventCostDescription":"","_EventCurrencySymbol":"","_EventCurrencyCode":"","_EventCurrencyPosition":"","_EventDateTimeSeparator":"","_EventTimeRangeSeparator":"","_EventOrganizerID":[],"_EventVenueID":[],"_OrganizerEmail":"","_OrganizerPhone":"","_OrganizerWebsite":"","_VenueAddress":"","_VenueCity":"","_VenueCountry":"","_VenueProvince":"","_VenueState":"","_VenueZip":"","_VenuePhone":"","_VenueURL":"","_VenueStateProvince":"","_VenueLat":"","_VenueLng":"","_VenueShowMap":false,"_VenueShowMapLink":false,"footnotes":""},"class_list":["post-311","page","type-page","status-publish","infinite-scroll-item"],"_links":{"self":[{"href":"https:\/\/alcesuvoz.wichita.edu\/es\/wp-json\/wp\/v2\/pages\/311","targetHints":{"allow":["GET"]}}],"collection":[{"href":"https:\/\/alcesuvoz.wichita.edu\/es\/wp-json\/wp\/v2\/pages"}],"about":[{"href":"https:\/\/alcesuvoz.wichita.edu\/es\/wp-json\/wp\/v2\/types\/page"}],"author":[{"embeddable":true,"href":"https:\/\/alcesuvoz.wichita.edu\/es\/wp-json\/wp\/v2\/users\/6"}],"replies":[{"embeddable":true,"href":"https:\/\/alcesuvoz.wichita.edu\/es\/wp-json\/wp\/v2\/comments?post=311"}],"version-history":[{"count":3,"href":"https:\/\/alcesuvoz.wichita.edu\/es\/wp-json\/wp\/v2\/pages\/311\/revisions"}],"predecessor-version":[{"id":1310,"href":"https:\/\/alcesuvoz.wichita.edu\/es\/wp-json\/wp\/v2\/pages\/311\/revisions\/1310"}],"up":[{"embeddable":true,"href":"https:\/\/alcesuvoz.wichita.edu\/es\/wp-json\/wp\/v2\/pages\/1282"}],"wp:attachment":[{"href":"https:\/\/alcesuvoz.wichita.edu\/es\/wp-json\/wp\/v2\/media?parent=311"}],"curies":[{"name":"wp","href":"https:\/\/api.w.org\/{rel}","templated":true}]}}

<h2 class="wp-block-heading">Una profesora de WSU defiende la legislación que garantiza que los hospitales tengan intérpretes cualificados</h2>



<p>Cuando el hijo de Verónica Mireles se quejo de que tenía un fuerte dolor abdominal, ella lo llevó a una sala de emergencias de Wichita. No se le proporcionó intérprete a la familia de habla hispana, y se le dijo al adolescente que podría haber contraído una enfermedad de transmisión sexual. El médico lo envió a casa.<a href="https://www.kmuw.org/post/wsu-professor-champions-legislation-ensuring-kansas-hospitals-have-qualified-interpreters" target="_blank" rel="noreferrer noopener"></a></p>



<div class="wp-block-buttons is-layout-flex wp-block-buttons-is-layout-flex">
<div class="wp-block-button read-more"><a class="wp-block-button__link wp-element-button" href="https://www.kmuw.org/post/wsu-professor-champions-legislation-ensuring-kansas-hospitals-have-qualified-interpreters">Leer Más</a></div>
</div>



<hr class="wp-block-separator has-alpha-channel-opacity"/>



<h2 class="wp-block-heading">Amid COVID-19, Kansas needs improved language services to support health equity</h2>



<p>Latinos constitute almost half of the confirmed COVID-19 cases in Kansas, reflecting an existing trend of poor health outcomes for Latinos in the state.</p>



<div class="wp-block-buttons is-layout-flex wp-block-buttons-is-layout-flex">
<div class="wp-block-button read-more"><a class="wp-block-button__link wp-element-button" href="https://www.kansas.com/opinion/guest-commentary/article243264406.html">Leer Más</a></div>
</div>



<hr class="wp-block-separator has-alpha-channel-opacity"/>



<h2 class="wp-block-heading">Hispanos en Kansas alzan sus voces sobre la equidad en la salud</h2>



<p>Los legisladores de Kansas que no hablan los idiomas de sus electores generalmente no escuchan lo que esos electores tienen que decir acerca de las cuestiones a nivel de ciudad, condado y estado.</p>



<div class="wp-block-buttons is-layout-flex wp-block-buttons-is-layout-flex">
<div class="wp-block-button read-more"><a class="wp-block-button__link wp-element-button" href="https://www.planetavenus.online/post/hispanos-en-kansas-alzan-sus-voces-sobre-la-equidad-en-la-salud">Leer Más</a></div>
</div>



<hr class="wp-block-separator has-alpha-channel-opacity"/>



<h2 class="wp-block-heading">Los habitantes de Kansas que hablan español enfrentan la barrera del idioma en medio del COVID-19</h2>



<p>Verónica Mireles conoce por experiencia personal los peligros que enfrentan muchos latinos de Kansas al navegar por la atención médica en Kansas sin hablar inglés con fluidez.</p>



<div class="wp-block-buttons is-layout-flex wp-block-buttons-is-layout-flex">
<div class="wp-block-button read-more"><a class="wp-block-button__link wp-element-button" href="https://kansasreflector.com/2020/08/30/spanish-speaking-kansans-face-language-barrier-amid-covid-19/">Leer Más</a></div>
</div>

<p>WSU Professor Champions Legislation Ensuring Kansas Hospitals Have Qualified Interpreters When Veronica Mireles’ son complained he was in severe abdominal pain, she rushed him to &#8230; <a title="News" class="read-more" href="https://alcesuvoz.wichita.edu/es/media/news/" aria-label="Leer más sobre News">Read more</a></p>
