{"id":1233,"date":"2024-09-12T17:57:32","date_gmt":"2024-09-12T22:57:32","guid":{"rendered":"https:\/\/alcesuvoz.wichita.edu\/?page_id=1233"},"modified":"2024-09-13T13:19:58","modified_gmt":"2024-09-13T18:19:58","slug":"denise","status":"publish","type":"page","link":"https:\/\/alcesuvoz.wichita.edu\/es\/team\/denise\/","title":{"rendered":"Denise Romero"},"content":{"rendered":"<div class=\"wp-block-media-text is-stacked-on-mobile\" style=\"grid-template-columns:45% auto\"><figure class=\"wp-block-media-text__media\"><img loading=\"lazy\" decoding=\"async\" width=\"768\" height=\"1024\" src=\"https:\/\/alcesuvoz.wichita.edu\/wp-content\/uploads\/2024\/09\/denise1-768x1024.jpg\" alt=\"\" class=\"wp-image-1178 size-full\" srcset=\"https:\/\/alcesuvoz.wichita.edu\/wp-content\/uploads\/2024\/09\/denise1-768x1024.jpg 768w, https:\/\/alcesuvoz.wichita.edu\/wp-content\/uploads\/2024\/09\/denise1-225x300.jpg 225w, https:\/\/alcesuvoz.wichita.edu\/wp-content\/uploads\/2024\/09\/denise1-9x12.jpg 9w, https:\/\/alcesuvoz.wichita.edu\/wp-content\/uploads\/2024\/09\/denise1.jpg 810w\" sizes=\"auto, (max-width: 768px) 100vw, 768px\" \/><\/figure><div class=\"wp-block-media-text__content\">\n<h1 class=\"wp-block-heading has-x-large-font-size\" style=\"font-style:normal;font-weight:500\">Denise Romero<\/h1>\n\n\n\n<h6 class=\"wp-block-heading has-medium-font-size\" style=\"font-style:normal;font-weight:700\">Directora de Participaci\u00f3n y Educaci\u00f3n Comunitaria en Alce su Voz<\/h6>\n\n\n\n<h6 class=\"wp-block-heading has-medium-font-size\" style=\"font-style:normal;font-weight:500\">Codirectora ejecutiva de Salud + Bienestar<\/h6>\n\n\n\n<div style=\"height:30px\" aria-hidden=\"true\" class=\"wp-block-spacer\"><\/div>\n\n\n\n<ul class=\"wp-block-social-links has-normal-icon-size has-visible-labels is-vertical is-nowrap is-layout-flex wp-container-core-social-links-is-layout-947ac36b wp-block-social-links-is-layout-flex\"><li class=\"wp-social-link wp-social-link-chain  button-yellow wp-block-social-link\"><a rel=\"noopener nofollow\" target=\"_blank\" href=\"https:\/\/www.saludmasbienestar.org\/%20\" class=\"wp-block-social-link-anchor\"><svg width=\"24\" height=\"24\" viewbox=\"0 0 24 24\" version=\"1.1\" xmlns=\"http:\/\/www.w3.org\/2000\/svg\" aria-hidden=\"true\" focusable=\"false\"><path d=\"M15.6,7.2H14v1.5h1.6c2,0,3.7,1.7,3.7,3.7s-1.7,3.7-3.7,3.7H14v1.5h1.6c2.8,0,5.2-2.3,5.2-5.2,0-2.9-2.3-5.2-5.2-5.2zM4.7,12.4c0-2,1.7-3.7,3.7-3.7H10V7.2H8.4c-2.9,0-5.2,2.3-5.2,5.2,0,2.9,2.3,5.2,5.2,5.2H10v-1.5H8.4c-2,0-3.7-1.7-3.7-3.7zm4.6.9h5.3v-1.5H9.3v1.5z\"><\/path><\/svg><span class=\"wp-block-social-link-label\">Salud + Bienestar<\/span><\/a><\/li><\/ul>\n<\/div><\/div>\n\n\n\n<div style=\"height:20px\" aria-hidden=\"true\" class=\"wp-block-spacer\"><\/div>\n\n\n<div class=\"gb-container gb-container-2f625f43\">\n\n<p class=\"has-medium-font-size translation-block\">Actualmente se desempe\u00f1a como Coordinadora de Participaci\u00f3n Comunitaria de Alce su Voz, <strong>Denise Romero<\/strong> desempe\u00f1a un papel crucial para garantizar que las comunidades est\u00e9n bien informadas sobre la importancia de educaci\u00f3n sobre la salud y los servicios interpretaci\u00f3n. En este cargo, Denise ha reconocido la necesidad urgente de continuar brindando informaci\u00f3n de alta calidad para empoderar a las personas y mejorar el bienestar de la comunidad.<\/p>\n\n\n\n<p class=\"has-medium-font-size\">Denise es una persona dedicada y ambiciosa con una pasi\u00f3n profundamente arraigada por la educaci\u00f3n sobre recursos comunitarios y la defensor\u00eda. Con un fuerte sentido de responsabilidad, Denise se esfuerza por lograr contribuciones significativas y duraderas para su comunidad, siempre priorizando la colaboraci\u00f3n sobre la competencia. Denise tambi\u00e9n es una defensora de la reforma migratoria, impulsada por la creencia de que los cambios significativos pueden conducir a un bien mayor para todos. Su optimismo y compromiso con esta causa reflejan su dedicaci\u00f3n por hacer un impacto positivo en la vida de los dem\u00e1s.<\/p>\n\n\n\n<p class=\"has-medium-font-size translation-block\">Adem\u00e1s de su rol en Alce su Voz, Denise tambi\u00e9n es codirectora ejecutiva de <a href=\"https:\/\/www.saludmasbienestar.org\/\" target=\"_self\"><em>Salud + Bienestar<\/em><\/a>  y promotora de salud comunitaria certificada.<\/p>\n\n\n\n<hr class=\"wp-block-separator has-alpha-channel-opacity\"\/>\n\n<\/div>","protected":false},"excerpt":{"rendered":"<p>Currently serving as Alce su Voz\u2019s Community Engagement Coordinator, Denise Romero plays a crucial role in ensuring that communities are well-informed about the importance of &#8230; <a title=\"Denise Romero\" class=\"read-more\" href=\"https:\/\/alcesuvoz.wichita.edu\/es\/team\/denise\/\" aria-label=\"Leer m\u00e1s sobre Denise Romero\">Read more<\/a><\/p>","protected":false},"author":6,"featured_media":0,"parent":293,"menu_order":0,"comment_status":"closed","ping_status":"closed","template":"","meta":{"_EventAllDay":false,"_EventTimezone":"","_EventStartDate":"","_EventEndDate":"","_EventStartDateUTC":"","_EventEndDateUTC":"","_EventShowMap":false,"_EventShowMapLink":false,"_EventURL":"","_EventCost":"","_EventCostDescription":"","_EventCurrencySymbol":"","_EventCurrencyCode":"","_EventCurrencyPosition":"","_EventDateTimeSeparator":"","_EventTimeRangeSeparator":"","_EventOrganizerID":[],"_EventVenueID":[],"_OrganizerEmail":"","_OrganizerPhone":"","_OrganizerWebsite":"","_VenueAddress":"","_VenueCity":"","_VenueCountry":"","_VenueProvince":"","_VenueState":"","_VenueZip":"","_VenuePhone":"","_VenueURL":"","_VenueStateProvince":"","_VenueLat":"","_VenueLng":"","_VenueShowMap":false,"_VenueShowMapLink":false,"footnotes":""},"class_list":["post-1233","page","type-page","status-publish","infinite-scroll-item"],"_links":{"self":[{"href":"https:\/\/alcesuvoz.wichita.edu\/es\/wp-json\/wp\/v2\/pages\/1233","targetHints":{"allow":["GET"]}}],"collection":[{"href":"https:\/\/alcesuvoz.wichita.edu\/es\/wp-json\/wp\/v2\/pages"}],"about":[{"href":"https:\/\/alcesuvoz.wichita.edu\/es\/wp-json\/wp\/v2\/types\/page"}],"author":[{"embeddable":true,"href":"https:\/\/alcesuvoz.wichita.edu\/es\/wp-json\/wp\/v2\/users\/6"}],"replies":[{"embeddable":true,"href":"https:\/\/alcesuvoz.wichita.edu\/es\/wp-json\/wp\/v2\/comments?post=1233"}],"version-history":[{"count":2,"href":"https:\/\/alcesuvoz.wichita.edu\/es\/wp-json\/wp\/v2\/pages\/1233\/revisions"}],"predecessor-version":[{"id":1265,"href":"https:\/\/alcesuvoz.wichita.edu\/es\/wp-json\/wp\/v2\/pages\/1233\/revisions\/1265"}],"up":[{"embeddable":true,"href":"https:\/\/alcesuvoz.wichita.edu\/es\/wp-json\/wp\/v2\/pages\/293"}],"wp:attachment":[{"href":"https:\/\/alcesuvoz.wichita.edu\/es\/wp-json\/wp\/v2\/media?parent=1233"}],"curies":[{"name":"wp","href":"https:\/\/api.w.org\/{rel}","templated":true}]}}

<div class="wp-block-media-text is-stacked-on-mobile" style="grid-template-columns:45% auto"><figure class="wp-block-media-text__media"><img loading="lazy" decoding="async" width="768" height="1024" src="https://alcesuvoz.wichita.edu/wp-content/uploads/2024/09/denise1-768x1024.jpg" alt="" class="wp-image-1178 size-full" srcset="https://alcesuvoz.wichita.edu/wp-content/uploads/2024/09/denise1-768x1024.jpg 768w, https://alcesuvoz.wichita.edu/wp-content/uploads/2024/09/denise1-225x300.jpg 225w, https://alcesuvoz.wichita.edu/wp-content/uploads/2024/09/denise1-9x12.jpg 9w, https://alcesuvoz.wichita.edu/wp-content/uploads/2024/09/denise1.jpg 810w" sizes="auto, (max-width: 768px) 100vw, 768px" /></figure><div class="wp-block-media-text__content">
<h1 class="wp-block-heading has-x-large-font-size" style="font-style:normal;font-weight:500">Denise Romero</h1>



<h6 class="wp-block-heading has-medium-font-size" style="font-style:normal;font-weight:700">Directora de Participación y Educación Comunitaria en Alce su Voz</h6>



<h6 class="wp-block-heading has-medium-font-size" style="font-style:normal;font-weight:500">Codirectora ejecutiva de Salud + Bienestar</h6>



<div style="height:30px" aria-hidden="true" class="wp-block-spacer"></div>



<ul class="wp-block-social-links has-normal-icon-size has-visible-labels is-vertical is-nowrap is-layout-flex wp-container-core-social-links-is-layout-947ac36b wp-block-social-links-is-layout-flex"><li class="wp-social-link wp-social-link-chain  button-yellow wp-block-social-link"><a rel="noopener nofollow" target="_blank" href="https://www.saludmasbienestar.org/%20" class="wp-block-social-link-anchor"><svg width="24" height="24" viewbox="0 0 24 24" version="1.1" xmlns="http://www.w3.org/2000/svg" aria-hidden="true" focusable="false"><path d="M15.6,7.2H14v1.5h1.6c2,0,3.7,1.7,3.7,3.7s-1.7,3.7-3.7,3.7H14v1.5h1.6c2.8,0,5.2-2.3,5.2-5.2,0-2.9-2.3-5.2-5.2-5.2zM4.7,12.4c0-2,1.7-3.7,3.7-3.7H10V7.2H8.4c-2.9,0-5.2,2.3-5.2,5.2,0,2.9,2.3,5.2,5.2,5.2H10v-1.5H8.4c-2,0-3.7-1.7-3.7-3.7zm4.6.9h5.3v-1.5H9.3v1.5z"></path></svg><span class="wp-block-social-link-label">Salud + Bienestar</span></a></li></ul>
</div></div>



<div style="height:20px" aria-hidden="true" class="wp-block-spacer"></div>


<div class="gb-container gb-container-2f625f43">

<p class="has-medium-font-size translation-block">Actualmente se desempeña como Coordinadora de Participación Comunitaria de Alce su Voz, <strong>Denise Romero</strong> desempeña un papel crucial para garantizar que las comunidades estén bien informadas sobre la importancia de educación sobre la salud y los servicios interpretación. En este cargo, Denise ha reconocido la necesidad urgente de continuar brindando información de alta calidad para empoderar a las personas y mejorar el bienestar de la comunidad.</p>



<p class="has-medium-font-size">Denise es una persona dedicada y ambiciosa con una pasión profundamente arraigada por la educación sobre recursos comunitarios y la defensoría. Con un fuerte sentido de responsabilidad, Denise se esfuerza por lograr contribuciones significativas y duraderas para su comunidad, siempre priorizando la colaboración sobre la competencia. Denise también es una defensora de la reforma migratoria, impulsada por la creencia de que los cambios significativos pueden conducir a un bien mayor para todos. Su optimismo y compromiso con esta causa reflejan su dedicación por hacer un impacto positivo en la vida de los demás.</p>



<p class="has-medium-font-size translation-block">Además de su rol en Alce su Voz, Denise también es codirectora ejecutiva de <a href="https://www.saludmasbienestar.org/" target="_self"><em>Salud + Bienestar</em></a>  y promotora de salud comunitaria certificada.</p>



<hr class="wp-block-separator has-alpha-channel-opacity"/>

</div>

<p>Currently serving as Alce su Voz’s Community Engagement Coordinator, Denise Romero plays a crucial role in ensuring that communities are well-informed about the importance of &#8230; <a title="Denise Romero" class="read-more" href="https://alcesuvoz.wichita.edu/es/team/denise/" aria-label="Leer más sobre Denise Romero">Read more</a></p>
